- 13/24*d**4 + 0. What is t(13)?
12
Let y(o) = -235*o + 984. Let b(u) = -110*u + 491. Let q(z) = 5*b(z) - 2*y(z). Calculate q(6).
7
Let b(o) = 2*o + 2. Suppose -11 = -4*q - 3. Let j(s) = 1 - 5 - 4 + 3 - 2*s + 4. Let n(y) = q*b(y) + 3*j(y). Calculate n(-1).
3
Let t(j) = j**2 - j + 5. Let k(f) = -f**2 + 14*f - 265. Let o(l) = k(l) + 2*t(l). Calculate o(-23).
-2
Let k(i) = -2*i**3 - 2*i**2 - 2*i - 1. Let u be k(-1). Let t be u/(-2)*(-5 - 3). Suppose -t*a = a - 5. Let n(w) = -13*w**2 - 1. Give n(a).
-14
Let u(m) = -31*m**3 - 13*m**2 + 11. Let w(j) = -16*j**3 - 7*j**2 + 6. Let z(b) = -6*u(b) + 11*w(b). Let r = 4 + 4. Suppose 2 = 10*p - r. Determine z(p).
11
Let m(t) = -t**3 - 4*t + 3. Let h = -13513 - -13515. Calculate m(h).
-13
Let s(w) = -w**2 - w - 1. Suppose -5*k + 2*k = -42. Let h(g) = -g**3 + 15*g**2 - 12*g - 24. Let o be h(k). Let a be o/4 - (-5)/((-10)/6). What is s(a)?
-3
Let l(c) = -10*c**2 - 47*c + 19. Let g(n) = 8*n**2 + 45*n - 19. Let u(x) = 4*g(x) + 3*l(x). Let j be u(-20). Let y(k) = -7*k**2 + k - 1. Determine y(j).
-7
Let l(v) = v**2 - 7*v + 6. Let o be (14/(-4))/(0 + (-4)/16*2). Give l(o).
6
Let a(l) = 8*l**2. Let x(r) = -r + 8. Let y be x(6). Let t(m) = -3 + 4*m + m + 2 - 4 - 2*m. Let z be t(y). Calculate a(z).
8
Let r be (-5)/25 - (-169)/(-5). Let y = r + 20. Let s = y + 18. Let a(p) = p**2 - 2*p + 3. What is a(s)?
11
Let n(u) be the first derivative of u**4/2 - 7*u**2/2 + 7*u - 5775. Calculate n(1).
2
Let t(d) be the first derivative of -d**4/12 + 4*d**3/3 - 3*d**2 - 99*d + 15. Let l(j) be the first derivative of t(j). Give l(7).
1
Let z(d) = 9*d**3 + 2*d**2 - d - 1. Let g = -4642 + 4643. What is z(g)?
9
Let a(u) = 34 - 375*u**3 + 723*u**3 - 347*u**3 - 2*u**2 - 18*u. Give a(4).
-6
Let n(r) = -8*r**3 + 17 + r**3 + r + 5*r**3 + 0*r**3 + 303*r**2 - 301*r**2. Determine n(0).
17
Let l(p) = p**2 - 4*p - 5. Let m be 10*11/275 + (-8)/(-5). Suppose -5*j + 10 = m*n, 3*j + n = 5*n + 32. What is l(j)?
-5
Let r(p) be the second derivative of p**5/20 - p**4/4 - 2*p**3/3 + 977*p. Give r(3).
-12
Let p = -12215 - -12220. Let g(c) be the second derivative of -1/12*c**4 + 5*c - 1/6*c**3 + 5*c**2 + 0 - 1/20*c**p. Determine g(0).
10
Let d(j) be the second derivative of j**5/5 + j**4/4 + j**3/2 + j**2/2 - j. Let b be ((-10 - (-366)/24) + -6)/((-6)/(-16)). Determine d(b).
-25
Let i = 201 + -185. Suppose -28*s = -i*s. Let o(q) = -2*q + 1. Give o(s).
1
Let s(d) = 3*d - 22. Let n be 2592/378 + (-8)/(-7). Determine s(n).
2
Suppose 4*q - 12 = -2*f + 54, 0 = 3*f + 2*q - 103. Suppose -t - 35 = f. Let y = 67 + t. Let s(i) = 4*i - 2. What is s(y)?
-14
Suppose -5*b + z + 31 - 30 = 0, -z - 3 = -3*b. Let c(k) = -37*k**3 - 3*k - 2. Calculate c(b).
38
Let c = -20 - -25. Suppose -c = 4*m - 21. Let z(a) = 12*a**2 + 4 - 13*a**2 - 3 + 3*a. Determine z(m).
-3
Let g(f) = 5*f + 67. Let v be g(13). Let l(x) = x + 138 - 2*x - v + 0*x. Calculate l(5).
1
Suppose 143*u = 136*u + 105. Let a(k) = k**3 - 16*k**2 + 18*k - 7. What is a(u)?
38
Let o(f) = -3*f - 2. Suppose 5*n - 11 + 29 = -j, 2*j = -n. Let s be (0 - j)*1 + 4. Calculate o(s).
-8
Let h(k) be the second derivative of k**5/20 - 3*k**4/4 + k**3/2 + 17*k**2 + 4503*k. Calculate h(8).
-6
Let x(l) = -56*l - 733. Let w = 19078 - 19091. What is x(w)?
-5
Let i(o) = o**2 - 12*o + 6. Suppose 33*q + 1650 = 44*q. Let d = -138 + q. Calculate i(d).
6
Suppose 3*f - 7*f + f = 0. Let i(w) = -11*w - 15. Let g(y) = 9*y + 16. Let k(r) = 5*g(r) + 4*i(r). Give k(f).
20
Let v be 4 + (0 + 5)*6/(-15). Let k(j) = -36*j**v - 1 + 91*j - 46*j - 44*j. Calculate k(1).
-36
Let d(z) = 2*z - 1. Let q(j) = 9*j + 13. Let b(r) = -5*d(r) + q(r). What is b(-10)?
28
Let s(a) = -11 + 5*a**2 + 2*a - a**3 + 11 + 6 - 2*a**2. Let l be s(4). Let k(g) = 3*g + 1 - g**2 - 31*g**3 + 30*g**3 - 2*g**2. Calculate k(l).
-9
Let i(a) = -10*a**2 - a. Let f = -7749 - -7750. Calculate i(f).
-11
Suppose z - h - 19 = 2*h, -4*z = 3*h - 1. Suppose 5*b - 10*b + 2*m = -77, 0 = 3*b - 3*m - 48. Let a(d) = -d + 3*d - b - 3*d + 14. What is a(z)?
-5
Let a = 18 - 3. Suppose -a*h - 238 = -29*h. Let c(w) = w**2 - 18*w + 12. Give c(h).
-5
Suppose -10*v - c + 11 = -11*v, 0 = -v - c - 3. Let o(u) = 8*u - 2. Give o(v).
-58
Let k(q) = 2*q + 8. Suppose -24*c + 27*c = 0. Suppose 24 = -c*d - d - 4*v, 5*v = -4*d - 52. Determine k(d).
-8
Let z(h) = 189 - 44*h - 42 - 347 + 56*h. Determine z(16).
-8
Let i(a) be the third derivative of -5*a**4/12 + 29*a**3/2 - 364*a**2. What is i(8)?
7
Let p(l) = -3*l**2 + 15*l - 9. Let v be p(4). Let q(w) = 2*w + 6. Let m(d) = 2*d + 6. Let b(i) = v*m(i) - 2*q(i). Calculate b(-4).
-2
Let h(z) = -5*z + 1. Let b(p) = -5*p - 5. Let q be b(-1). Suppose -4*m - 4*y + 0 = -8, 5*m - 3*y - 10 = q. Suppose 10*k = -m - 8. Give h(k).
6
Suppose -9*m = -3*m - 12. Let w(q) be the first derivative of q**3/3 + q**2 + q - 425. Calculate w(m).
9
Let z = -1606 + 1606. Let k(v) = v**2 - 2*v**2 - 7*v + 37 + v**3 + 7*v. Determine k(z).
37
Let d(x) be the third derivative of x**4/12 - 4*x**3/3 + 102*x**2. What is d(8)?
8
Let i(d) be the third derivative of d**4/24 - 7*d**3/2 - 5*d**2 + 20. Let h be (-9)/(45/(-86)) + 28/35. Determine i(h).
-3
Let j(m) = 2*m + 9. Let n = -3984 - -3991. Determine j(n).
23
Let l(x) be the first derivative of x**5/60 - x**4/2 + 4*x**3/3 + 22*x**2 - 122. Let t(o) be the second derivative of l(o). Calculate t(10).
-12
Let o be (-1 - (0 + 4))*-1*7. Suppose -2*g - 5 = 4*u - o, 4*g + 18 = 5*u. Let v(y) be the first derivative of -y**4/4 + 2*y**3 + 6*y - 12. What is v(u)?
6
Let t(z) = 3*z - 710*z**3 - 11*z**2 + 711*z**3 + 7*z - 1 + 3. Let b be t(10). Let r(u) = -5 - u**2 + 3*u + 2 - u. What is r(b)?
-3
Suppose 7*k = 3*k - 32. Let f be (42/(-12))/((-35)/50). Let p(h) = 7*h - 5. Let o(l) = -4*l + 4. Let c(r) = f*o(r) + 3*p(r). Determine c(k).
-3
Let f = 20 - 18. Suppose 3*y = 3*d - 10 - f, -2*y - 18 = -4*d. Let t(r) = -r + 9*r - 4*r. Determine t(y).
4
Let s(p) = -3*p**2 + 35*p + 2. Suppose 0 = 4*n - 25 + 9. Let v(c) = 13*c + 5*c**2 - 19 - 4*c**2 - 2*c + 18 - 23*c. Let m(i) = n*s(i) + 11*v(i). Give m(6).
9
Let m(g) = g - 2. Let w be (-16 - -15)*(-11*1 + -2). Let r be -3 + 1 + (-15)/(-3). Suppose -r*s = 19 - w. Calculate m(s).
-4
Let o(v) = -2*v**2 - 10*v - 13. Let s be -7*(2*(-1)/(-6))/(-1)*-3. Give o(s).
-41
Let l(j) = -3*j**2 - 24*j + 7. Let n(f) = -f**2 + 192*f - 8. Let t be n(0). Determine l(t).
7
Let y(x) = -24188*x - 145137. Let d be y(-6). Let m(l) = -2*l + 25. Let k(q) = -q + 25. Let a(b) = 4*k(b) - 3*m(b). Determine a(d).
7
Suppose -84*n - 35*n - 1840 + 2554 = 0. Let o(t) = -61*t + 376. Give o(n).
10
Suppose 4*r = x - 14, x = -x + 4*r + 16. Let s(j) = -5*j + 115*j**x - 116*j**2 - 6 - 6*j. What is s(-9)?
12
Let r(h) be the second derivative of -2/3*h**4 - 1/6*h**3 - 1/2*h**2 + 0 - 10*h. Let w(b) = b**3 - 2*b**2 - b + 1. Let v be w(1). Calculate r(v).
-8
Let d(y) = -7*y + 171. Let o be d(24). Suppose -2*l = -o*a, 5*a = -26*l + 29*l. Let m(f) = -5*f + 4. Give m(a).
4
Let d(o) = 6*o**2 + 6*o - 4. Let b(a) = -7*a**2 - 5*a + 4. Let c(x) = 5*b(x) + 6*d(x). Suppose l - 131*v = -127*v - 22, 0 = -3*l - 2*v - 10. Determine c(l).
-34
Let i(o) = -2*o + 1. Suppose -6 = -3*n, -50 = -89*f + 85*f - 5*n. Give i(f).
-19
Let x(f) = -6*f - 20. Let p be x(-12). Suppose 9*c + p = 5*c. Let q(r) = r**2 + 13*r - 3. Give q(c).
-3
Let y(v) be the third derivative of 3/2*v**3 + 1/6*v**4 - 4*v + 0 + 18*v**2. What is y(-6)?
-15
Suppose 3*t - 9 = -t + 5*g, 5*t - 4*g - 18 = 0. Let d(z) = 3 + 6*z + 3*z - t*z - 2. Suppose -17 = 12*l - 5. Determine d(l).
-2
Let b(x) = 7*x + 2*x + 3*x + 3*x + 52 - 29*x. Determine b(5).
-18
Let o = 65 + -62. Let h(j) = -3*j + 2*j**3 + 2*j + 5*j**2 - o*j**3 + 1 + 8*j. Give h(6).
7
Let x(a) be the third derivative of a**6/120 + a**5/5 + 17*a**4/24 + 9*a**3/2 + 2*a**2 + 13*a. What is x(-11)?
-39
Let h(q) = q**2 + 6*q - 74. Let p be h(-12). Let o be p/6 - (102/(-9) - -2). Let f(w) = -w**3 + 9*w**2 - 2*w + 12. Give f(o).
-6
Let v(u) = 3*u + 2. Let j be v(-3). Let f be (11/(-22))/((-2)/(-16)) - -23. Let w(x) = -9 - 20 - 14 - f + 3*x + 70. Determine w(j).
-13
Let l(f) = -7*f + 2. Let h(c) = -15*c + 5. Suppose p = -3*j, -4*j = -2*p - 18 - 2. Let r(g) = p*h(g) + 13*l(g). What is r(-4)?
0
Let z(w) = w**3 + 10*w**2 - 11*w + 8. Let p be z(-11). Let o(f) = 10*f**2 - 3*f**2 + 5*f